What is -3bae (base 16) in base 6?
-154422
What is 2020200 (base 4) in base 8?
21040
Convert 5b92 (base 13) to base 11.
9815
What is 20020122 (base 3) in base 6?
33025
What is -11100001101 (base 2) in base 6?
-12205
What is -46441 (base 7) in base 16?
-2e6f
What is 3b8 (base 15) in base 7?
2321
-3a7 (base 12) to base 13
-340
2340 (base 5) to base 12
249
What is 3022123 (base 4) in base 16?
329b
Convert 1045 (base 9) to base 16.
302
13 (base 12) to base 8
17
Convert -15139 (base 10) to base 3.
-202202201
What is -364 (base 8) in base 6?
-1044
Convert -383 (base 10) to base 6.
-1435
What is -100322221 (base 4) in base 8?
-207251
What is 13332 (base 5) in base 10?
1092
What is -234025 (base 6) in base 8?
-47541
Convert 5842 (base 14) to base 9.
23041
Convert 265 (base 7) to base 2.
10010001
What is 3212 (base 9) in base 4?
210320
What is -122225 (base 7) in base 15?
-6992
What is 946 (base 11) in base 15?
50e
Convert -110010011100 (base 2) to base 11.
-2475
31412 (base 7) to base 8
17107
Convert -10001000000110110 (base 2) to base 9.
-115528
-1132 (base 7) to base 3
-120101
Convert -21211 (base 4) to base 10.
-613
9795 (base 15) to base 9
48015
-100011000001 (base 2) to base 12
-1369
11100001 (base 2) to base 6
1013
What is -41445 (base 6) in base 3?
-21122102
What is -1221122 (base 3) in base 12?
-9a5
Convert c55 (base 16) to base 13.
158b
Convert 212100212 (base 3) to base 13.
79a3
125442 (base 6) to base 12
6882
-3948 (base 14) to base 5
-310220
What is 620 (base 13) in base 6?
4452
-4321 (base 6) to base 14
-505
What is -116 (base 13) in base 3?
-20222
Convert 865 (base 10) to base 2.
1101100001
What is 1011110111101 (base 2) in base 12?
3625
Convert -576 (base 10) to base 2.
-1001000000
-98c (base 16) to base 11
-1922
-20130 (base 4) to base 9
-660
What is 1122122 (base 4) in base 16?
169a
1594 (base 14) to base 9
5252
What is 47a (base 13) in base 7?
2160
Convert -6103 (base 11) to base 13.
-38cb
1322 (base 10) to base 6
10042
Convert -15463 (base 10) to base 8.
-36147
-41020 (base 6) to base 5
-133122
-1135301 (base 6) to base 13
-21118
-4a69 (base 15) to base 16
-3de9
What is 405 (base 8) in base 5?
2021
-111112 (base 3) to base 2
-101101101
What is 14de (base 15) in base 16?
1184
What is 35c (base 14) in base 12?
47a
33312 (base 6) to base 11
354a
What is 2012220220 (base 3) in base 14?
11cc3
Convert -202211211 (base 3) to base 10.
-15196
Convert -86b (base 13) to base 15.
-661
What is -567 (base 11) in base 14?
-366
What is -646 (base 7) in base 14?
-196
What is 3263 (base 7) in base 9?
1542
-45211 (base 8) to base 12
-b061
What is -8104 (base 9) in base 16?
-171d
Convert -100a (base 11) to base 4.
-110331
What is -57 (base 15) in base 9?
-101
-1e4 (base 15) to base 10
-439
Convert 45 (base 15) to base 3.
2102
1331 (base 8) to base 2
1011011001
Convert 10102000 (base 3) to base 12.
1530
Convert 111021 (base 6) to base 11.
6a96
What is 6d (base 14) in base 15?
67
What is 61a (base 16) in base 11?
11a0
141030 (base 5) to base 15
1a95
-650 (base 14) to base 10
-1246
-805 (base 12) to base 10
-1157
Convert -102 (base 13) to base 8.
-253
11003011 (base 4) to base 12
bb71
What is 3903 (base 14) in base 9?
14640
Convert 3325 (base 13) to base 5.
212004
What is 2012041 (base 5) in base 8?
76622
Convert -28c (base 13) to base 3.
-121211
What is 100111101100011 (base 2) in base 7?
113152
Convert 2915 (base 10) to base 13.
1433
What is a470 (base 12) in base 6?
215020
-42 (base 8) to base 15
-24
What is 4313 (base 5) in base 7?
1462
114235 (base 6) to base 11
759a
What is 67b1 (base 13) in base 9?
21811
What is 6508 (base 15) in base 9?
32288
What is 1121212 (base 3) in base 11?
987
5c12 (base 14) to base 4
3323120
136 (base 10) to base 3
12001
Convert -35 (base 11) to base 4.
-212
Convert -3b0 (base 12) to base 6.
-2340
Convert 142241 (base 5) to base 14.
224a
1482 (base 10) to base 6
10510
What is 1837 (base 13) in base 5?
103340
-233442 (base 5) to base 16
-21ae
What is -d4 (base 16) in base 9?
-255
303303 (base 4) to base 8
6363
Convert -1004412 (base 5) to base 13.
-7508
What is -1419 (base 12) in base 13?
-109b
Convert 409 (base 13) to base 6.
3101
Convert a00b (base 12) to base 5.
1023131
Convert 2020010 (base 3) to base 6.
11303
What is 2020100110 (base 3) in base 11?
30066
What is 100400 (base 5) in base 15?
e50
Convert 23300333 (base 4) to base 7.
260333
Convert 13074 (base 10) to base 15.
3d19
Convert -3103201 (base 4) to base 7.
-54316
What is -110101001010 (base 2) in base 11?
-2613
53c (base 15) to base 11
985
-3131 (base 5) to base 11
-349
What is -24b2 (base 14) in base 4?
-1210130
1413 (base 9) to base 12
749
What is 161031 (base 7) in base 9?
47276
What is 114 (base 10) in base 14?
82
-1561 (base 11) to base 2
-11111010011
Convert 230211 (base 4) to base 11.
2164
-110011011 (base 3) to base 14
-332c
Convert -140020 (base 6) to base 7.
-52551
Convert -14436 (base 12) to base 10.
-28266
Convert 6d22 (base 14) to base 6.
224054
Convert 1654 (base 11) to base 6.
13444
What is -3a6 (base 11) in base 12?
-33b
2766 (base 10) to base 13
134a
Convert 42021 (base 5) to base 4.
223021
What is 713 (base 12) in base 2?
1111111111
-329 (base 11) to base 10
-394
What is -3641 (base 12) in base 6?
-44121
Convert -2233002 (base 4) to base 10.
-11202
10140 (base 7) to base 15
b03
What is 11010111111 (base 2) in base 4?
122333
-228 (base 12) to base 6
-1252
Convert 30655 (base 7) to base 16.
1d71
Convert 105 (base 13) to base 15.
b9
What is 535 (base 6) in base 16?
cb
-11c (base 16) to base 10
-284
Convert 4a0 (base 11) to base 2.
1001010010
What is -5424 (base 9) in base 12?
-2387
-d (base 14) to base 15
-d
What is 1356 (base 10) in base 12?
950
What is -15a30 (base 14) in base 7?
-313560
Convert -202033 (base 4) to base 14.
-b27
Convert 95 (base 16) to base 5.
1044
Convert -317 (base 12) to base 10.
-451
-4022 (base 7) to base 8
-2554
What is 452 (base 6) in base 15?
bb
What is 7333 (base 14) in base 7?
111563
What is -200 (base 13) in base 11?
-288
-7acb (base 15) to base 16
-65d2
Convert 1153 (base 12) to base 15.
890
What is 310 (base 9) in base 6?
1100
-3422 (base 6) to base 9
-1085
What is -14c2a (base 14) in base 3?
-2122000212
Convert 133103 (base 5) to base 8.
12433
Convert de0 (base 16) to base 3.
11212120
What is -332 (base 7) in base 16?
-aa
Convert -b52 (base 12) to base 16.
-66e
What is 1000111111000 (base 2) in base 16?
11f8
What is b81 (base 13) in base 4?
132230
What is -30447 (base 8) in base 4?
-3010213
-3282 (base 15) to base 7
-43121
What is -12975 (base 16) in base 12?
-38099
-4ab (base 13) to base 14
-425
4012324 (base 5) to base 13
22b6b
What is 2022 (base 11) in base 7?
10555
Convert 333b (base 13) to base 4.
1233230
-545 (base 16) to base 6
-10125
-1330043 (base 5) to base 10
-26898
-2318 (base 14) to base 3
-22100212
-211202221 (base 3) to base 12
-9737
Convert -100103 (base 4) to base 6.
-4455
Convert 535402 (base 6) to base 10.
43994
-3001 (base 5) to base 12
-274
What is 2a58 (base 11) in base 8?
7537
What is 11399 (base 12) in base 4?
11213211
What is 10000100110011 (base 2) in base 4?
2010303
What is -3a38 (base 11) in base 13?
-2505
What is -300113 (base 4) in base 11?
-2364
What is 2031002 (base 5) in base 3?
1200121120
Convert -5e4 (base 16) to base 13.
-8c0
-4b9 (base 13) to base 6
-3500
-1421 (base 8) to base 12
-555
3572 (base 8) to base 16
77a
What is dd (base 15) in base 10?
208
What is -4513 (base 8) in base 9?
-3233
112120 (base 3) to base 7
1101
What is -266 (base 7) in base 9?
-172
What is -10001000010 (base 2) in base 8?
-2102
What is 51a8 (base 14) in base 8?
33360
What is 2210 (base 4) in base 13?
c8
What is -12330003 (base 4) in base 12?
-14543
571 (base 12) to base 10
805
What is -438 (base 9) in base 12?
-25b
Convert -63055 (base 7) to base 12.
-8b57
Convert 11033001 (base 4) to base 12.
104a9
363 (base 13) to base 16
24c
Convert 15946 (base 10) to base 8.
37112
21301022 (base 4) to base 8
116112
What is -447 (base 12) in base 13?
-397
419 (base 13) to base 8
1272
What is 1100100000100100 (base 2) in base 8?
144044
What is 122 (base 5) in base 12?
31
Convert -2974 (base 10) to base 15.
-d34
-76 (base 15) to base 4
-1233
6320 (base 10) to base 7
24266
What is 2112120 (base 3) in base 7?
5253
Wh